{"id":24880,"date":"2019-11-04T21:13:55","date_gmt":"2019-11-04T21:13:55","guid":{"rendered":"https:\/\/ccf.community\/?page_id=24880"},"modified":"2025-08-18T20:36:09","modified_gmt":"2025-08-18T20:36:09","slug":"children","status":"publish","type":"page","link":"https:\/\/ccf.community\/es\/connect\/children\/","title":{"rendered":"Children\\&#8217;s Ministry (Newborn-5th Grade)"},"content":{"rendered":"<div class=\"wpb-content-wrapper\"><div class=\"vc_row-full-width-before\"><\/div><div id=\"vc_row-69f18323c5389\" data-vc-full-width=\"true\" data-vc-full-width-init=\"false\" data-vc-stretch-content=\"true\" class=\"vc_row wpb_row vc_row-fluid row-this-big-kvik vc_custom_1574208714989 thegem-custom-69f18323c536a2493 vc_row-has-fill vc_row-no-padding vc_row-o-equal-height vc_row-flex\"><script type=\"text\/javascript\">if (typeof(gem_fix_fullwidth_position) == \"function\") { gem_fix_fullwidth_position(document.getElementById(\"vc_row-69f18323c5389\")); }<\/script><div class=\"wpb_column vc_column_container vc_col-sm-6 thegem-custom-69f18323c55a61490 vc_col-has-fill\" ><div class=\"vc_column-inner thegem-custom-inner-69f18323c55a8 vc_custom_1574209902566\"><div class=\"wpb_wrapper thegem-custom-69f18323c55a61490\"><div class=\"centered-box\"><div class=\"gem-icon gem-icon-pack-material gem-icon-size-large  gem-icon-shape-square gem-simple-icon\"  style=\"opacity: 1;\"><div class=\"gem-icon-inner\" style=\"\"><span class=\"gem-icon-half-1\" style=\"color: #212332;\"><span class=\"back-angle\">&#xf377;<\/span><\/span><span class=\"gem-icon-half-2\" style=\"color: #212332;\"><span class=\"back-angle\">&#xf377;<\/span><\/span><\/div><\/div><\/div><h2 style=\"text-align: center;font-family:Abril Fatface;font-weight:400;font-style:normal\" class=\"vc_custom_heading\" >Ministerio Pre-escolar<\/h2>\r\n\t\r\n\t\t<div class=\"wpb_text_column wpb_content_element  vc_custom_1574209919122 thegem-vc-text thegem-custom-69f18323c58447626\"  >\r\n\t\t\t<div class=\"wpb_wrapper\">\r\n\t\t\t\t<p style=\"text-align: center;\"><strong>Un ambiente seguro, limpio y amoroso para ni\u00f1os 0-PreK.<\/strong><\/p>\n<p style=\"text-align: center;\">El equipo del ministerio preescolar est\u00e1 formado por trabajadores gentiles, dedicados y amorosos, que dan su tiempo semanalmente para cuidar a los beb\u00e9s y ni\u00f1os peque\u00f1os.<\/p>\n\r\n\t\t\t<\/div>\r\n\t\t\t<style>@media screen and (max-width: 1023px) {.thegem-vc-text.thegem-custom-69f18323c58447626{display: block!important;}}@media screen and (max-width: 767px) {.thegem-vc-text.thegem-custom-69f18323c58447626{display: block!important;}}@media screen and (max-width: 1023px) {.thegem-vc-text.thegem-custom-69f18323c58447626{position: relative !important;}}@media screen and (max-width: 767px) {.thegem-vc-text.thegem-custom-69f18323c58447626{position: relative !important;}}<\/style>\r\n\t\t<\/div>\r\n\t\r\n<\/div><\/div><\/div><div class=\"wpb_column vc_column_container vc_col-sm-6 thegem-custom-69f18323c59dd9934 vc_col-has-fill\" ><div class=\"vc_column-inner thegem-custom-inner-69f18323c59de vc_custom_1579647448206\"><div class=\"wpb_wrapper thegem-custom-69f18323c59dd9934\"><div class=\"vc_empty_space\"   style=\"height: 500px\"><span class=\"vc_empty_space_inner\"><\/span><\/div><\/div><\/div><\/div><\/div><div class=\"vc_row-full-width vc_clearfix\"><\/div><div class=\"vc_row-full-width-before\"><\/div><div id=\"vc_row-69f18323c5c6b\" data-vc-full-width=\"true\" data-vc-full-width-init=\"false\" data-vc-stretch-content=\"true\" class=\"vc_row wpb_row vc_row-fluid row-this-big-kvik vc_custom_1574208467593 thegem-custom-69f18323c5c5c9292 vc_row-has-fill vc_row-no-padding vc_row-o-equal-height vc_row-flex\"><script type=\"text\/javascript\">if (typeof(gem_fix_fullwidth_position) == \"function\") { gem_fix_fullwidth_position(document.getElementById(\"vc_row-69f18323c5c6b\")); }<\/script><div class=\"wpb_column vc_column_container vc_col-sm-6 thegem-custom-69f18323c5d7c5635 vc_col-has-fill\" ><div class=\"vc_column-inner thegem-custom-inner-69f18323c5d7d vc_custom_1574207908029\"><div class=\"wpb_wrapper thegem-custom-69f18323c5d7c5635\"><div class=\"vc_empty_space\"   style=\"height: 500px\"><span class=\"vc_empty_space_inner\"><\/span><\/div><\/div><\/div><\/div><div class=\"wpb_column vc_column_container vc_col-sm-6 thegem-custom-69f18323c5eca6884 vc_col-has-fill\" ><div class=\"vc_column-inner thegem-custom-inner-69f18323c5ecb vc_custom_1574209907911\"><div class=\"wpb_wrapper thegem-custom-69f18323c5eca6884\"><div class=\"centered-box\"><div class=\"gem-icon gem-icon-pack-material gem-icon-size-large  gem-icon-shape-square gem-simple-icon\"  style=\"opacity: 1;\"><div class=\"gem-icon-inner\" style=\"\"><span class=\"gem-icon-half-1\" style=\"color: #212332;\"><span class=\"back-angle\">&#xf377;<\/span><\/span><span class=\"gem-icon-half-2\" style=\"color: #212332;\"><span class=\"back-angle\">&#xf377;<\/span><\/span><\/div><\/div><\/div><h2 style=\"text-align: center;font-family:Abril Fatface;font-weight:400;font-style:normal\" class=\"vc_custom_heading\" >MINISTERIO DE NI\u00d1OS<\/h2>\r\n\t\r\n\t\t<div class=\"wpb_text_column wpb_content_element  vc_custom_1755549300655 thegem-vc-text thegem-custom-69f18323c60585348\"  >\r\n\t\t\t<div class=\"wpb_wrapper\">\r\n\t\t\t\t<p style=\"text-align: center;\"><strong>El Ministerio de Nuestros Ni\u00f1os est\u00e1 aqu\u00ed para apoyar a los padres mientras ayudan a sus hijos a crecer y desarrollarse en su relaci\u00f3n con Cristo. <\/strong><\/p>\n<p style=\"text-align: center;\">Our goal is to support and enhance what is happening in the home through intentional Bible lessons and activities at our Calvary Kids Sunday school every week.<\/p>\n<p>&nbsp;<\/p>\n\r\n\t\t\t<\/div>\r\n\t\t\t<style>@media screen and (max-width: 1023px) {.thegem-vc-text.thegem-custom-69f18323c60585348{display: block!important;}}@media screen and (max-width: 767px) {.thegem-vc-text.thegem-custom-69f18323c60585348{display: block!important;}}@media screen and (max-width: 1023px) {.thegem-vc-text.thegem-custom-69f18323c60585348{position: relative !important;}}@media screen and (max-width: 767px) {.thegem-vc-text.thegem-custom-69f18323c60585348{position: relative !important;}}<\/style>\r\n\t\t<\/div>\r\n\t\r\n<\/div><\/div><\/div><\/div><div class=\"vc_row-full-width vc_clearfix\"><\/div><div class=\"vc_row-full-width-before\"><\/div><div id=\"vc_row-69f18323c620a\" data-vc-full-width=\"true\" data-vc-full-width-init=\"false\" class=\"vc_row wpb_row vc_row-fluid vc_custom_1574210229284 thegem-custom-69f18323c61ff5435 vc_row-has-fill\"><script type=\"text\/javascript\">if (typeof(gem_fix_fullwidth_position) == \"function\") { gem_fix_fullwidth_position(document.getElementById(\"vc_row-69f18323c620a\")); }<\/script><div class=\"wpb_column vc_column_container vc_col-sm-12 thegem-custom-69f18323c630f9615\" ><div class=\"vc_column-inner thegem-custom-inner-69f18323c6311\"><div class=\"wpb_wrapper thegem-custom-69f18323c630f9615\"><h4 style=\"color: #292f3f;text-align: center;font-family:Montserrat UltraLight;font-weight:400;font-style:normal\" class=\"vc_custom_heading\" >PARA M\u00c1S INFORMACI\u00d3N O SER VOLUNTARIO<br \/>\nplease contact Jenny Vallee at 281-354-2464<\/h4><\/div><\/div><\/div><\/div><div class=\"vc_row-full-width vc_clearfix\"><\/div>\n<\/div>","protected":false},"excerpt":{"rendered":"","protected":false},"author":1,"featured_media":0,"parent":24799,"menu_order":0,"comment_status":"closed","ping_status":"closed","template":"","meta":{"om_disable_all_campaigns":false,"_monsterinsights_skip_tracking":false,"_monsterinsights_sitenote_active":false,"_monsterinsights_sitenote_note":"","_monsterinsights_sitenote_category":0,"_uf_show_specific_survey":0,"_uf_disable_surveys":false,"footnotes":""},"class_list":["post-24880","page","type-page","status-publish"],"aioseo_notices":[],"_links":{"self":[{"href":"https:\/\/ccf.community\/es\/wp-json\/wp\/v2\/pages\/24880","targetHints":{"allow":["GET"]}}],"collection":[{"href":"https:\/\/ccf.community\/es\/wp-json\/wp\/v2\/pages"}],"about":[{"href":"https:\/\/ccf.community\/es\/wp-json\/wp\/v2\/types\/page"}],"author":[{"embeddable":true,"href":"https:\/\/ccf.community\/es\/wp-json\/wp\/v2\/users\/1"}],"replies":[{"embeddable":true,"href":"https:\/\/ccf.community\/es\/wp-json\/wp\/v2\/comments?post=24880"}],"version-history":[{"count":43,"href":"https:\/\/ccf.community\/es\/wp-json\/wp\/v2\/pages\/24880\/revisions"}],"predecessor-version":[{"id":27535,"href":"https:\/\/ccf.community\/es\/wp-json\/wp\/v2\/pages\/24880\/revisions\/27535"}],"up":[{"embeddable":true,"href":"https:\/\/ccf.community\/es\/wp-json\/wp\/v2\/pages\/24799"}],"wp:attachment":[{"href":"https:\/\/ccf.community\/es\/wp-json\/wp\/v2\/media?parent=24880"}],"curies":[{"name":"wp","href":"https:\/\/api.w.org\/{rel}","templated":true}]}}

<div class="wpb-content-wrapper"><div class="vc_row-full-width-before"></div><div id="vc_row-69f18323c5389" data-vc-full-width="true" data-vc-full-width-init="false" data-vc-stretch-content="true" class="vc_row wpb_row vc_row-fluid row-this-big-kvik vc_custom_1574208714989 thegem-custom-69f18323c536a2493 vc_row-has-fill vc_row-no-padding vc_row-o-equal-height vc_row-flex"><script type="text/javascript">if (typeof(gem_fix_fullwidth_position) == "function") { gem_fix_fullwidth_position(document.getElementById("vc_row-69f18323c5389")); }</script><div class="wpb_column vc_column_container vc_col-sm-6 thegem-custom-69f18323c55a61490 vc_col-has-fill" ><div class="vc_column-inner thegem-custom-inner-69f18323c55a8 vc_custom_1574209902566"><div class="wpb_wrapper thegem-custom-69f18323c55a61490"><div class="centered-box"><div class="gem-icon gem-icon-pack-material gem-icon-size-large  gem-icon-shape-square gem-simple-icon"  style="opacity: 1;"><div class="gem-icon-inner" style=""><span class="gem-icon-half-1" style="color: #212332;"><span class="back-angle">&#xf377;</span></span><span class="gem-icon-half-2" style="color: #212332;"><span class="back-angle">&#xf377;</span></span></div></div></div><h2 style="text-align: center;font-family:Abril Fatface;font-weight:400;font-style:normal" class="vc_custom_heading" >Ministerio Pre-escolar</h2>
	
		<div class="wpb_text_column wpb_content_element  vc_custom_1574209919122 thegem-vc-text thegem-custom-69f18323c58447626"  >
			<div class="wpb_wrapper">
				<p style="text-align: center;"><strong>Un ambiente seguro, limpio y amoroso para niños 0-PreK.</strong></p>
<p style="text-align: center;">El equipo del ministerio preescolar está formado por trabajadores gentiles, dedicados y amorosos, que dan su tiempo semanalmente para cuidar a los bebés y niños pequeños.</p>

			</div>
			<style>@media screen and (max-width: 1023px) {.thegem-vc-text.thegem-custom-69f18323c58447626{display: block!important;}}@media screen and (max-width: 767px) {.thegem-vc-text.thegem-custom-69f18323c58447626{display: block!important;}}@media screen and (max-width: 1023px) {.thegem-vc-text.thegem-custom-69f18323c58447626{position: relative !important;}}@media screen and (max-width: 767px) {.thegem-vc-text.thegem-custom-69f18323c58447626{position: relative !important;}}</style>
		</div>
	
</div></div></div><div class="wpb_column vc_column_container vc_col-sm-6 thegem-custom-69f18323c59dd9934 vc_col-has-fill" ><div class="vc_column-inner thegem-custom-inner-69f18323c59de vc_custom_1579647448206"><div class="wpb_wrapper thegem-custom-69f18323c59dd9934"><div class="vc_empty_space"   style="height: 500px"><span class="vc_empty_space_inner"></span></div></div></div></div></div><div class="vc_row-full-width vc_clearfix"></div><div class="vc_row-full-width-before"></div><div id="vc_row-69f18323c5c6b" data-vc-full-width="true" data-vc-full-width-init="false" data-vc-stretch-content="true" class="vc_row wpb_row vc_row-fluid row-this-big-kvik vc_custom_1574208467593 thegem-custom-69f18323c5c5c9292 vc_row-has-fill vc_row-no-padding vc_row-o-equal-height vc_row-flex"><script type="text/javascript">if (typeof(gem_fix_fullwidth_position) == "function") { gem_fix_fullwidth_position(document.getElementById("vc_row-69f18323c5c6b")); }</script><div class="wpb_column vc_column_container vc_col-sm-6 thegem-custom-69f18323c5d7c5635 vc_col-has-fill" ><div class="vc_column-inner thegem-custom-inner-69f18323c5d7d vc_custom_1574207908029"><div class="wpb_wrapper thegem-custom-69f18323c5d7c5635"><div class="vc_empty_space"   style="height: 500px"><span class="vc_empty_space_inner"></span></div></div></div></div><div class="wpb_column vc_column_container vc_col-sm-6 thegem-custom-69f18323c5eca6884 vc_col-has-fill" ><div class="vc_column-inner thegem-custom-inner-69f18323c5ecb vc_custom_1574209907911"><div class="wpb_wrapper thegem-custom-69f18323c5eca6884"><div class="centered-box"><div class="gem-icon gem-icon-pack-material gem-icon-size-large  gem-icon-shape-square gem-simple-icon"  style="opacity: 1;"><div class="gem-icon-inner" style=""><span class="gem-icon-half-1" style="color: #212332;"><span class="back-angle">&#xf377;</span></span><span class="gem-icon-half-2" style="color: #212332;"><span class="back-angle">&#xf377;</span></span></div></div></div><h2 style="text-align: center;font-family:Abril Fatface;font-weight:400;font-style:normal" class="vc_custom_heading" >MINISTERIO DE NIÑOS</h2>
	
		<div class="wpb_text_column wpb_content_element  vc_custom_1755549300655 thegem-vc-text thegem-custom-69f18323c60585348"  >
			<div class="wpb_wrapper">
				<p style="text-align: center;"><strong>El Ministerio de Nuestros Niños está aquí para apoyar a los padres mientras ayudan a sus hijos a crecer y desarrollarse en su relación con Cristo. </strong></p>
<p style="text-align: center;">Our goal is to support and enhance what is happening in the home through intentional Bible lessons and activities at our Calvary Kids Sunday school every week.</p>
<p>&nbsp;</p>

			</div>
			<style>@media screen and (max-width: 1023px) {.thegem-vc-text.thegem-custom-69f18323c60585348{display: block!important;}}@media screen and (max-width: 767px) {.thegem-vc-text.thegem-custom-69f18323c60585348{display: block!important;}}@media screen and (max-width: 1023px) {.thegem-vc-text.thegem-custom-69f18323c60585348{position: relative !important;}}@media screen and (max-width: 767px) {.thegem-vc-text.thegem-custom-69f18323c60585348{position: relative !important;}}</style>
		</div>
	
</div></div></div></div><div class="vc_row-full-width vc_clearfix"></div><div class="vc_row-full-width-before"></div><div id="vc_row-69f18323c620a" data-vc-full-width="true" data-vc-full-width-init="false" class="vc_row wpb_row vc_row-fluid vc_custom_1574210229284 thegem-custom-69f18323c61ff5435 vc_row-has-fill"><script type="text/javascript">if (typeof(gem_fix_fullwidth_position) == "function") { gem_fix_fullwidth_position(document.getElementById("vc_row-69f18323c620a")); }</script><div class="wpb_column vc_column_container vc_col-sm-12 thegem-custom-69f18323c630f9615" ><div class="vc_column-inner thegem-custom-inner-69f18323c6311"><div class="wpb_wrapper thegem-custom-69f18323c630f9615"><h4 style="color: #292f3f;text-align: center;font-family:Montserrat UltraLight;font-weight:400;font-style:normal" class="vc_custom_heading" >PARA MÁS INFORMACIÓN O SER VOLUNTARIO<br />
please contact Jenny Vallee at 281-354-2464</h4></div></div></div></div><div class="vc_row-full-width vc_clearfix"></div>
</div>
